- 3*q - 227, -3*q = -9. Suppose -457*y + u = -455*y. What is the tens digit of y?
5
Let m(u) = -u**2 - 12*u - 39. Let g be m(-6). Let q(f) be the first derivative of -3*f**4/4 + 4*f**3/3 + 3*f**2/2 + 6*f - 3. What is the units digit of q(g)?
4
Let p(m) = 275*m - 1631. What is the thousands digit of p(50)?
2
Let l = 43323 - -1396. What is the units digit of l?
9
Suppose q - 26 = -21. Suppose q*z = -3*f + 1241, -z - 2*f + 6*f + 262 = 0. What is the tens digit of z?
5
Let m(o) = o**3 + 19*o**2 + 4*o + 8. Let p be m(-18). What is the units digit of p + -2*(2 + 1)?
4
Let b(r) = -2*r**3 - 20*r**2 + 22*r + 7. Let g be b(-11). Let m(c) = 25*c**2 - c + 55. What is the hundreds digit of m(g)?
2
Let i(g) = 45*g + 10. Let n be i(-2). Let r = n + 0. Let z = 203 + r. What is the units digit of z?
3
Let a = 16051 - 7479. What is the tens digit of a?
7
Suppose -84*v + 106746 = -591714. What is the hundreds digit of v?
3
Let s = 41566 - 29349. What is the hundreds digit of s?
2
Let p(j) = j - 3. Let a be p(7). Let k be (-2976)/(-2) + (a - -4)/(-2). Suppose -13*r = -6*r - k. What is the units digit of r?
2
Suppose -4*v - f = -3*f + 84, 5*f - 90 = 4*v. What is the hundreds digit of (1/(-6) - (-231)/(-18))*v?
2
Let b(a) = -5 + 15*a - 24*a - 25*a. Suppose 4*c - f + 15 - 4 = 0, -c + 4*f - 14 = 0. What is the units digit of b(c)?
3
Let x = -14460 - -24578. Suppose 5*r = 2*n + x, -4692 = -2*r + 5*n - 649. What is the tens digit of r?
2
Let b = -253 + -28. Let f = b - -476. What is the hundreds digit of f?
1
Let m be (1 - 0)/(8 - (-7325)/(-915)). Let o = 497 + m. What is the hundreds digit of o?
3
Let c(o) = -o**3 - 7*o**2 - 6*o + 6. Let v be c(-6). What is the tens digit of ((-1618)/v - 3)*(-135)/30?
2
Suppose -25*p - 8 = -21*p. What is the hundreds digit of (-1 - 20/(-24))*p*2046?
6
Let z(q) = 2*q + 1. Let c be z(1). Suppose 35 - 8 = c*v. Suppose 449 = v*a - 163. What is the tens digit of a?
6
Suppose 5*z - 3*x + 1399 = z, 5*z + 1725 = -x. Let s = 791 + z. What is the tens digit of s?
4
What is the tens digit of 514/(-11051) + (-5766992)/(-86)?
5
Let c(w) = 6635*w**2 + 39*w + 40. What is the thousands digit of c(-1)?
6
Let x = 2346 + -923. Let m = x - 845. What is the tens digit of m?
7
Suppose -109881 = 290*o - 319*o. What is the thousands digit of o?
3
Let u be ((-2)/(-6) + -2)/((-2)/42). Let t = 38 - u. Suppose -4*i - 488 = -t*v, -v + 3*v = -i + 307. What is the hundreds digit of v?
1
Let g(o) = 3*o**2 - 38*o - 3. Let d be g(-10). What is the hundreds digit of d + (-18)/(-6) + -5?
6
Suppose 50*u - 88340 = 1148010. What is the units digit of u?
7
Suppose 3*h = b - 77674, -5*b + 181*h + 388386 = 182*h. What is the units digit of b?
7
Let m(w) = 100*w + 4055. What is the units digit of m(-30)?
5
Let x = -49 + 4. Let z = x - -87. What is the tens digit of z?
4
Let u = 396 - 375. What is the tens digit of 3/2*(-7 - (-9317)/u)?
5
Let i(r) = 276*r**3 + 33*r**2 + 379 - 377 - 31*r**2 - 5*r. Suppose -4 = -5*d + 1. What is the hundreds digit of i(d)?
2
Let q be 8/2 + (-1276)/(-14 + 3). Let i = 637 - q. What is the tens digit of i?
1
Suppose -5 = 3*v - 20. Let c(w) = 2*w**2 - 18*w + 45. Let j be c(5). Suppose v*b - 3*b = -8, -j*t = -3*b - 67. What is the tens digit of t?
1
Suppose 0 = -3*s - n + 8, 0 = -5*s + n + 2 + 14. Suppose s*m - 19 - 11 = 0. What is the units digit of (m/(-15))/((-6)/81)?
9
Let l(s) be the third derivative of s**5/20 + 4*s**4/3 - 4*s**3 + 45*s**2 - 2*s. What is the tens digit of l(7)?
4
Suppose 0 = 449*o - 416*o - 680427. What is the tens digit of o?
1
Suppose -4*c + 14*s + 57610 = 13*s, -5*c + 72050 = 5*s. What is the thousands digit of c?
4
Let b(i) = 294*i**2 - 149*i**2 + 29 + i**3 - 124*i**2 - 38*i. What is the units digit of b(-19)?
3
Suppose -577 = -4*a - 517. Suppose -a*d + 7713 + 14817 = 0. What is the tens digit of d?
0
Let s(q) = -295*q + 349. Let m(n) = 74*n - 87. Let r(b) = -9*m(b) - 2*s(b). Let f be r(-10). What is the units digit of 1/((-3)/(-1 - f))?
2
Let z(y) = y**2 - 4*y + 4. Let a be z(0). Suppose -5*j - 331 = -l - 89, j = -a*l + 1073. What is the units digit of l?
7
Let h(f) = -f**2 - 8*f + 2. Let s be h(-8). Suppose -s*l + 0*l = 86. Let i = 55 + l. What is the tens digit of i?
1
Let m be -11*(15/9 - (-4)/(-6)). Let s be (-1 - 0) + 2 - m. Suppose -490 = -5*p + 4*b, 139 - s = p + 5*b. What is the tens digit of p?
0
Let v(k) = -k**3 - 8*k**2 - 11*k - 8. Let h be v(-7). Let n be 24/h*10/4. Suppose -n*w = 4*w - 637. What is the tens digit of w?
9
What is the thousands digit of 8*2/8 - (-44878 + 7 + 11)?
4
Suppose 453*p - 142156 - 2395611 = 1581362. What is the hundreds digit of p?
0
Let h(z) = -4*z. Let d be h(-3). Suppose 8*m - d = 2*m. Suppose m*a + 0*t + 3*t - 100 = 0, -68 = -2*a + 5*t. What is the tens digit of a?
4
Suppose 10 = 3*t - f, t + 5 = f + f. Suppose 4*s + 2 = v - 2, t*v = -5*s + 20. Let d(b) = -4*b + 68. What is the tens digit of d(s)?
6
Let n be (1 + -19)/(-3) + -2. Suppose -4*o + 259 = -5*g, -g = -2*o + 85 + 46. Suppose 4*s = l + 65, l - o = -3*s - n*l. What is the tens digit of s?
1
Let l(q) = q**2 + 16*q - 34. Let x be l(-18). What is the tens digit of (-110 + 4)*(x - 6)?
2
Let h(m) = -3476*m - 4266. What is the hundreds digit of h(-4)?
6
Let h(b) = -2*b**2 + 12*b - 1. Let v be h(5). Let q be 2196/(-6)*(-6)/v. Suppose 0 = -3*g + q - 16. What is the units digit of g?
6
Suppose -5*n - 2*u - 3164 = -8*n + 3037, 0 = u. What is the hundreds digit of n?
0
Let p(q) = q**2 + 13*q + 32. Let s be p(-10). Suppose -t = 5*m + 17, 4*t + s*m - 24 = 5*m. What is the units digit of -1 + 88 - (-12)/t?
1
Let b(n) = 6*n**3 + 14*n**2 - 18*n - 8. Let w(s) = -s**3 - s**2 + s - 2. Let j(r) = -b(r) - 5*w(r). What is the hundreds digit of j(-15)?
1
Let m be (-3 + 932)/(1/2). Suppose -2*x + m = 4*c, -3*c + 4*x + 2355 = 2*c. What is the units digit of c?
7
Let p be (12060/135)/(4/6). Let o = -99 + p. What is the tens digit of o?
3
Suppose 25 = -122*q + 117*q. What is the hundreds digit of (-841)/q + ((-55)/25 - -2)?
1
Let c(h) = -h. Let s be c(-5). Suppose -2*x - 5*v - 5 = 7, s*x + 3*v - 8 = 0. Suppose 2*a - 144 = x*l, l + 155 + 105 = 4*a. What is the tens digit of a?
6
Suppose -85 = -20*j - 5. Suppose 3*n = 3*f + 2166, f - 3*f + 2870 = j*n. What is the hundreds digit of n?
7
Let h(c) = -12*c + 12. Let j be h(13). Let k = -61 - j. Let m = 52 + k. What is the units digit of m?
5
Suppose -7*q = -15 + 78. What is the tens digit of (61 + 0)/(q/(-54))?
6
What is the hundreds digit of (-17)/(-221) + ((-220840)/(-52) - 3)?
2
What is the hundreds digit of (1 - 455/20)/(12/(-528))?
9
Suppose 281576 = 4*d + 6*k, -2*d - 5*k = 66819 - 207595. What is the ten thousands digit of d?
7
Let w be (7 - 6)/((-1)/2) + -2. Let c be (-2)/(-9) - (w - (-500)/(-18)). What is the tens digit of 6/(-8) + 952/c?
2
Suppose -2193 = -4*k + 5599. Suppose 4*n + k = 5*m + 141, 5*n = -3*m + 1062. What is the hundreds digit of m?
3
Suppose 2*v + 1 = -3. Suppose -h - h - 4 = 0. What is the units digit of (-50)/(-2*h/v)?
5
Let l(n) = 11*n + 90. Let o(d) = 5*d**2 + 60*d - 236. Let z(a) = a**2 + 12*a - 47. Let s(r) = 2*o(r) - 11*z(r). Let i be s(-14). What is the tens digit of l(i)?
7
Let z be (2/(-2) - 2) + 2. Let g(u) be the first derivative of -67*u**4/4 - 2*u**3/3 + 2*u - 440. What is the tens digit of g(z)?
6
Suppose -3*u = -4*u + 292. Let b = 82 - u. Let y = -142 - b. What is the units digit of y?
8
Let v(a) = a**2 + a - 6. Let b be v(-3). Suppose b = -14*y + 7*y + 28. Suppose -y*s = -8*s + 316. What is the units digit of s?
9
Let o(j) be the first derivative of j**4/4 - 4*j**3/3 - 5*j**2/2 + 29. Let i be o(5). Suppose i = 5*n, n + 465 = 5*y + 2*n. What is the tens digit of y?
9
Let u be -6*1/(-2) - (-6 - -223). Let p = -20 - u. What is the hundreds digit of p?
1
Let c(a) = -170*a + 71. Let g be c(-14). Suppose 0 = 56*x - 59*x + g. What is the hundreds digit of x?
8
Suppose 0 = -3*v - 2*m + 73563, -2*v + 102*m + 49041 = 103*m. What is the tens digit of v?
1
Let l = -4 + -2. Let w be -6 + (l/(-4))/((-6)/(-4)). Let q = 23 + w. What is the units digit of q?
8
Let d(n) = -n**2 + 47*n - 46. Let h be d(40). Suppose -9*u = -8*u - h. What is the hundreds digit of u?
2
Let a = 40 + -44. What is the units digit of 2 - (-12)/a - -171?
0
Let j be (8 - 9)*(-3 + 1 - 2725). Suppose 801 = 9*